 - z. What is the remainder when q is divided by 13?
4
Let o = 101 + -91. Calculate the remainder when 26 is divided by o.
6
Let z = -224 - -238. Calculate the remainder when z is divided by 4*(-2)/(-8)*9.
5
Suppose -5*n + 392 = 5*l + 1117, -2*n + l - 296 = 0. Let k = 202 + n. Calculate the remainder when 107 is divided by k.
52
Let y(q) = -2*q**3 - 14*q**2 - q - 4. Calculate the remainder when y(-8) is divided by 2.
0
Let b(y) = -3*y - y**3 + 67 - 61 + 8*y**2 - 5*y. Calculate the remainder when b(6) is divided by 11.
8
Let j be ((-14)/49)/(2/(-14)). What is the remainder when 1/j*(20 - 2) is divided by 6?
3
Suppose -484 = 3*y - 14*y. Calculate the remainder when 393 is divided by y.
41
Let q = -68 - -60. Calculate the remainder when -18*4/q*29 is divided by 53.
49
Let p be -1*(-4)/(4/3). Let m be 8 + (2 - 2 - p). What is the remainder when 19 is divided by 5/(m/14) + -3?
8
Let z(k) = k**2 + k - 9. Let n be z(-4). Suppose 0 = -j + g + g + 6, n*j - 36 = -3*g. What is the remainder when 27 is divided by j?
7
Let h = -148 + 52. Let r = -57 - h. What is the remainder when r is divided by 19?
1
Let z = -720 + 761. Calculate the remainder when 119 is divided by z.
37
Let f = -137 + 186. What is the remainder when f is divided by 2/8 + (-204)/(-16)?
10
Calculate the remainder when (-1)/4 - (-40662)/216 is divided by 27.
26
Suppose 306 + 46 = 11*y. Calculate the remainder when 383 is divided by y.
31
Suppose -32*o = -31*o - 3. Suppose -4*k + 5*k = o. What is the remainder when 26 is divided by 4 + (-1 - k) + 14?
12
Let c = 44 - -7. Let s = c + -42. Calculate the remainder when 43 is divided by s.
7
Calculate the remainder when (-21)/(3 + -4) - 5 is divided by (-6)/(-12) + -2 - 42/(-4).
7
Let f = -145 - -346. Suppose 8*g - 363 = -91. Calculate the remainder when f is divided by g.
31
What is the remainder when (0 - (-8)/10)/(8/1160) is divided by 20?
16
Let i be 132/4 + 4/(-2). Let k = i + -13. Calculate the remainder when k is divided by (-1 - (-4 + -2))*1.
3
Suppose 86*o = 12281 - 1273. What is the remainder when o is divided by 49?
30
Let o(h) = h**3 - 5*h**2 + 5*h - 7. Let v = 65 + -60. What is the remainder when 33 is divided by o(v)?
15
Suppose -2*v + 3*z + 14 = 0, 5*v + 5*z + 6 - 66 = 0. Suppose k + 2*y - 56 = -22, -4*k + 112 = 2*y. What is the remainder when k is divided by v?
6
Let l(j) = 2*j - 5. Let y(i) = 34*i**3 - 2*i**2 + 1. What is the remainder when y(1) is divided by l(7)?
6
Suppose -5*l - 437 = -2*s, -4 = -3*l - 19. Let g = -143 + s. What is the remainder when g is divided by 22?
19
Let d(k) = k**3 - 6*k**2 - 11*k - 7. Suppose -2*s = 3*s - 5*v - 15, 3*s = -v + 29. Calculate the remainder when 162 is divided by d(s).
30
Let a be (2/4*-1)/((-46)/1012). Let u = 6 + 0. Suppose 0 = u*w - 5*w - a. What is the remainder when w is divided by 6?
5
Suppose -24*o - 2*o = -2002. Calculate the remainder when 306 is divided by o.
75
Suppose g + 59 = 2*g + 2*n, -3*n + 12 = 0. What is the remainder when g is divided by 10/(-15) + 166/6?
24
Suppose 65 = 5*o + 25. What is the remainder when 37 is divided by o?
5
Let i(y) = -9*y - 3. Let m be i(-3). Suppose l + 2*l = m. Calculate the remainder when l is divided by 5.
3
Suppose -314 = -3*b - 56. Let g(n) = -n**3 - 4*n**2 + 5*n. Let k be g(-5). Suppose 0 = -k*h - h + b. What is the remainder when h is divided by 22?
20
Let q = -600 - -696. What is the remainder when 381 is divided by q?
93
Calculate the remainder when 404 is divided by 219/8 + (-21)/56.
26
Let m(f) = 9*f + 100 - 63 - 57. Let p be (-13)/4*2*-2. Calculate the remainder when m(p) is divided by 25.
22
Let f be ((-130)/15)/1*15/(-2). Let y = -56 + f. Calculate the remainder when 24 is divided by y.
6
Suppose 0 = -2*z + 3*n + 265, 0 = 4*z + 5*n + 220 - 717. Calculate the remainder when z is divided by 62.
4
Suppose -4*q + 2678 - 1102 = 0. What is the remainder when q is divided by 59?
40
Let v = -112 - -115. Suppose -5*s = -k + 6, k + 2*s + 36 = v*k. Let d = 19 - 7. Calculate the remainder when k is divided by d.
9
Suppose 0 = 63*d - 2870 - 1036. Calculate the remainder when d is divided by 13.
10
Let i(v) = 3*v + 13. Let z be i(-3). Suppose -91 = -2*s - n + 105, 2*s + 5*n - 196 = 0. Calculate the remainder when s is divided by (-6)/12 - ((-114)/z - -3).
23
Let s(y) = 21*y + 576. Suppose 1 + 5 = 3*o. Calculate the remainder when s(-27) is divided by o.
1
Suppose -74 = -4*d + 166. Calculate the remainder when d is divided by 4.
0
Suppose -4*b = -4, -3*m = -5*b + 9*b - 118. What is the remainder when m is divided by 13?
12
Suppose -5*u + 70 = 25. Let c = -9 - -9. Suppose 13*y = -c*y + 208. Calculate the remainder when y is divided by u.
7
Let c(z) = 2*z**2 - 113*z - 813. What is the remainder when 149 is divided by c(-7)?
73
Let s(x) = -x**3 - 7*x**2 - 7*x + 6. Let i be s(-5). Let l(n) = -n - 6. Let m be l(i). What is the remainder when ((-24)/7)/(m/(-21)) is divided by 13?
11
Let a(o) = -17*o - 21. Calculate the remainder when 385 is divided by a(-2).
8
Suppose 9*x - 90 = 4*x. Suppose -23 + 56 = 3*g. Calculate the remainder when x is divided by g.
7
Let l be (36 + (1 - 0))*7. Let v(o) = -12*o - 14. Let d be v(14). Let c = d + l. Calculate the remainder when c is divided by 20.
17
Let k = 1214 - 807. Calculate the remainder when k is divided by 10.
7
Suppose 4*k - 4*c + 21 = 101, 0 = 4*k + 2*c - 86. Let h = k + -6. What is the remainder when 58 is divided by h?
13
Let c(q) = 9*q + 3. Let g = -6 - -4. Let x be c(g). Calculate the remainder when (27/x)/((-2)/30) is divided by 7.
6
Let f(s) = -7*s - 3. What is the remainder when 75 is divided by f(-1)?
3
Suppose 12 = 4*r - 6*z - 26, 0 = -r - 3*z + 5. Let f(i) = 2*i - 3. What is the remainder when f(12) is divided by r?
5
Let t = 6 + -6. Let s = 5 + t. What is the remainder when 63 is divided by 2/5 + 78/s?
15
Let d(t) = t**2 + 4*t - 5. Let m be d(-6). Let y(q) = -3*q + m + 16 + q + q. Calculate the remainder when 31 is divided by y(6).
14
Suppose -5*f = -14 + 4, -f = 4*z - 22. Suppose r + 5*q - 3 = 0, -4*r - r + z*q = -75. Calculate the remainder when 127 is divided by r.
10
Calculate the remainder when 126 is divided by (4/(-12))/(19/(-3876)).
58
Let k(q) = q**2 - 31*q + 9. What is the remainder when 98 is divided by k(32)?
16
Suppose 3*j = -2*j + 5, 5*d - 244 = j. What is the remainder when d is divided by 35?
14
Let o(c) be the second derivative of c**4/6 + c**3/6 - c**2 - c. Calculate the remainder when o(3) is divided by 11.
8
Let v be -4 - (-7 - -1)*16. Let a = v + -32. Let r = a - -40. Calculate the remainder when r is divided by 34.
32
Let f(u) = -14*u - 165. What is the remainder when f(-17) is divided by 20?
13
Let c = -58 - -81. Let x = -40 - -85. What is the remainder when x is divided by c?
22
Let k = 7 - -29. What is the remainder when 3/9*-1*8*1575/(-42) is divided by k?
28
Calculate the remainder when 117 is divided by 4/18 - (-77)/126*52.
21
Let w = -60 + 32. Let o = 1 - w. What is the remainder when 114 is divided by o?
27
Let q(y) = y**2 + 10*y - 13. Let x be q(-11). Suppose 10 = -3*t + 25. Calculate the remainder when -6 - -9 - (0 + x) is divided by t.
0
Suppose -5*m + 221 = 2*v, -5*m + 137 = -2*m - v. Suppose m = 13*r - 4*r. What is the remainder when 23 is divided by r?
3
Let v = -340 - -213. Let r = -53 - v. Calculate the remainder when r is divided by 15.
14
Suppose 0 = 2*v - 2, -4*o + 2*v + 116 = -46. Calculate the remainder when 323 is divided by o.
36
Let f be (135 - 9)/(3/2). Suppose 0 = -t + 4*t - 450. Let s = t - f. What is the remainder when s is divided by 23?
20
Let m(z) = -2*z - 4*z**2 - 14 + 10 - 4*z - 2*z**3. Let s be m(-4). Let j = s - 49. What is the remainder when j is divided by 12?
11
Let h(p) = -10 - 10 - 4 + 4*p - 3. What is the remainder when 49 is divided by h(11)?
15
Let g = 103 + -123. What is the remainder when g/(-8)*22 + 3 is divided by 21?
16
Let k be -6*(-8)/(-12) + 34. Suppose 2*p - k = -5*l, 2*p - 5*l - 1 = -11. What is the remainder when p is divided by ((-3)/(-2))/(-3)*-4?
1
Suppose 9*c - 5*n = 12*c - 29, 2*c + 2*n = 22. Suppose 0*r + 44 = 4*r. What is the remainder when c is divided by r?
2
What is the remainder when (1512/2940)/((-6)/(-430)) - (-1)/7 is divided by (-4)/6 - (-44)/3?
9
Let p be 4*(-2)/(-6)*9/6. Calculate the remainder when